What is the thousands digit of 4729?
4
What is the hundreds digit of 22213?
2
What is the units digit of 44256?
6
What is the ten thousands digit of 13422?
1
What is the hundreds digit of 152999?
9
What is the thousands digit of 16361?
6
What is the thousands digit of 34461?
4
What is the ten thousands digit of 66468?
6
What is the hundreds digit of 1332?
3
What is the tens digit of 151?
5
What is the hundreds digit of 4190?
1
What is the thousands digit of 30775?
0
What is the units digit of 38551?
1
What is the tens digit of 150070?
7
What is the ten thousands digit of 18776?
1
What is the tens digit of 226?
2
What is the hundreds digit of 13110?
1
What is the hundreds digit of 922?
9
What is the ten thousands digit of 73596?
7
What is the tens digit of 119?
1
What is the tens digit of 152?
5
What is the ten thousands digit of 14059?
1
What is the thousands digit of 13313?
3
What is the tens digit of 5359?
5
What is the thousands digit of 4427?
4
What is the hundreds digit of 1626?
6
What is the ten thousands digit of 25776?
2
What is the hundreds digit of 2698?
6
What is the thousands digit of 56204?
6
What is the units digit of 55?
5
What is the thousands digit of 4220?
4
What is the hundreds digit of 281?
2
What is the tens digit of 2082?
8
What is the hundreds digit of 155?
1
What is the thousands digit of 8638?
8
What is the hundreds digit of 608?
6
What is the tens digit of 155795?
9
What is the units digit of 1563?
3
What is the hundreds digit of 33304?
3
What is the units digit of 2612?
2
What is the units digit of 2121?
1
What is the units digit of 954?
4
What is the hundreds digit of 2239?
2
What is the units digit of 1909?
9
What is the thousands digit of 5828?
5
What is the thousands digit of 4526?
4
What is the tens digit of 3262?
6
What is the thousands digit of 3091?
3
What is the units digit of 108871?
1
What is the thousands digit of 44744?
4
What is the units digit of 4844?
4
What is the hundreds digit of 14068?
0
What is the hundreds digit of 22354?
3
What is the tens digit of 4314?
1
What is the hundreds digit of 503?
5
What is the hundreds digit of 676?
6
What is the thousands digit of 1236?
1
What is the hundreds digit of 787?
7
What is the tens digit of 110341?
4
What is the hundreds digit of 2054?
0
What is the thousands digit of 2162?
2
What is the tens digit of 678?
7
What is the tens digit of 22693?
9
What is the units digit of 22217?
7
What is the tens digit of 13975?
7
What is the tens digit of 13760?
6
What is the units digit of 621?
1
What is the thousands digit of 52055?
2
What is the units digit of 62381?
1
What is the tens digit of 9222?
2
What is the thousands digit of 1715?
1
What is the units digit of 5741?
1
What is the hundreds digit of 295?
2
What is the hundreds digit of 1286?
2
What is the tens digit of 16195?
9
What is the ten thousands digit of 118236?
1
What is the tens digit of 1299?
9
What is the hundreds digit of 22898?
8
What is the hundreds digit of 13661?
6
What is the units digit of 85893?
3
What is the hundreds digit of 3320?
3
What is the tens digit of 43357?
5
What is the ten thousands digit of 12497?
1
What is the units digit of 1865?
5
What is the hundreds digit of 335?
3
What is the hundreds digit of 1261?
2
What is the hundreds digit of 12847?
8
What is the hundreds digit of 1250?
2
What is the thousands digit of 4726?
4
What is the hundreds digit of 3049?
0
What is the units digit of 3871?
1
What is the units digit of 2063?
3
What is the units digit of 5265?
5
What is the ten thousands digit of 43254?
4
What is the tens digit of 17297?
9
What is the ten thousands digit of 104259?
0
What is the hundreds digit of 750?
7
What is the units digit of 9293?
3
What is the units digit of 881?
1
What is the thousands digit of 3136?
3
What is the ten thousands digit of 61978?
6
What is the thousands digit of 9451?
9
What is the hundreds digit of 232?
2
What is the thousands digit of 4342?
4
What is the hundreds digit of 491?
4
What is the units digit of 4855?
5
What is the units digit of 413?
3
What is the thousands digit of 1062?
1
What is the units digit of 333?
3
What is the tens digit of 301?
0
What is the tens digit of 2008?
0
What is the units digit of 763?
3
What is the thousands digit of 5272?
5
What is the tens digit of 4811?
1
What is the tens digit of 21?
2
What is the units digit of 1056?
6
What is the thousands digit of 2435?
2
What is the hundreds digit of 51854?
8
What is the units digit of 54534?
4
What is the ten thousands digit of 42233?
4
What is the hundreds digit of 907?
9
What is the ten thousands digit of 128447?
2
What is the tens digit of 2710?
1
What is the hundreds digit of 1758?
7
What is the tens digit of 1852?
5
What is the units digit of 47480?
0
What is the ten thousands digit of 64392?
6
What is the tens digit of 1629?
2
What is the units digit of 655?
5
What is the hundreds digit of 47436?
4
What is the units digit of 37766?
6
What is the hundreds digit of 165570?
5
What is the hundreds digit of 44010?
0
What is the thousands digit of 5906?
5
What is the hundreds digit of 971?
9
What is the tens digit of 18389?
8
What is the hundreds digit of 1909?
9
What is the hundreds digit of 2177?
1
What is the tens digit of 123?
2
What is the tens digit of 3639?
3
What is the hundreds digit of 831?
8
What is the thousands digit of 3216?
3
What is the units digit of 799?
9
What is the tens digit of 356?
5
What is the tens digit of 706?
0
What is the units digit of 93830?
0
What is the tens digit of 98?
9
What is the hundreds digit of 71092?
0
What is the hundreds digit of 2625?
6
What is the tens digit of 4256?
5
What is the hundreds digit of 6110?
1
What is the units digit of 3249?
9
What is the units digit of 3922?
2
What is the ten thousands digit of 103508?
0
What is the units digit of 85?
5
What is the units digit of 7907?
7
What is the ten thousands digit of 29458?
2
What is the units digit of 88764?
4
What is the tens digit of 569?
6
What is the hundreds digit of 1138?
1
What is the tens digit of 729?
2
What is the thousands digit of 56455?
6
What is the tens digit of 1299?
9
What is the hundreds digit of 215?
2
What is the tens digit of 32578?
7
What is the ten thousands digit of 14174?
1
What is the hundreds digit of 1546?
5
What is the tens digit of 41815?
1
What is the hundreds digit of 613?
6
What is the hundreds digit of 312?
3
What is the hundreds digit of 1316?
3
What is the tens digit of 4404?
0
What is the units digit of 20078?
8
What is the hundreds digit of 841?
8
What is the units digit of 134?
4
What is the thousands digit of 2333?
2
What is the tens digit of 51145?
4
What is the thousands digit of 68124?
8
What is the thousands digit of 5228?
5
What is the tens digit of 47751?
5
What is the thousands digit of 2097?
2
What is the ten thousands digit of 31301?
3
What is the units digit of 2581?
1
What is the tens digit of 21432?
3
What is the thousands digit of 9925?
9
What is the thousands digit of 9763?
9
What is the hundreds digit of 1511?
5
What is the thousands digit of 17791?
7
What is the hundreds digit of 59864?
8
What is the thousands digit of 3743?
3
What is the tens digit of 10969?
6
What is the units digit of 113790?
0
What is the hundreds digit of 2849?
8
What is the tens digit of 85766?
6
What is the ten thousands digit of 42356?
4
What is the hundreds digit of 57234?
2
What is the tens digit of 3054?
5
What is the ten thousands digit of 54083?
5
What is the ten thousands digit of 19823?
1
What is the hundreds digit of 2064?
0
What is the units digit of 29765?
5
What is the units digit of 16464?
4
What is the thousands digit of 9332?
9
What is the units digit of 7256?
6
What is the hundreds digit of 831?
8
What is the tens digit of 4994?
9
What is the units digit of 3178?
8
What is the ten thousands digit of 21767?
2
What is the thousands digit of 23806?
3
What is the units digit of 457?
7
What is the ten thousands digit of 17348?
1
What is the thousands digit of 43140?
3
What is the tens digit of 2349?
4
What is the ten thousands digit of 17322?
1
What is the units digit of 8789?
9
What is the hundreds digit of 49894?
8
What is the units digit of 15769?
9
What is the hundred thousands digit of 106417?
1
What is the hundreds digit of